**3 + i**2 - 3*i - 79. Let f be u(0). Let l = 70 + f. What is the remainder when 15 is divided by 2/(-3)*l + (0 - -2)?
7
Suppose 37*l - 636 = 36*l. Let x be l - ((-15)/5 + -1). Suppose 318 = 2*u + k - 4*k, -4*k = -4*u + x. What is the remainder when u is divided by 11?
8
Suppose -1115 + 1562 = -c + 4*c. Calculate the remainder when 1013 is divided by c.
119
Let m = -215 - -43. Let f = -161 - m. What is the remainder when (-314)/(-6) + 2/(-6) is divided by f?
8
Calculate the remainder when 3538*22/(-528)*-36 is divided by 161.
155
Suppose 31*g = -3*g + 1292. Let u(t) = -2*t + 3. What is the remainder when g is divided by u(-6)?
8
Let t(p) = -73 - p**2 + 21 + p - 17*p. What is the remainder when 6/((3/22)/1) is divided by t(-10)?
4
Let z(i) = -i**2 - 27*i - 17. Let t be z(-25). Let d = 8 + t. Calculate the remainder when 117 is divided by d.
35
Let o be 6 - 1*(-5 - 129). Suppose m - 155 + o = 0. What is the remainder when m is divided by 10?
5
Let j(c) = 106 + 0*c - 128 + 10*c - 101. Calculate the remainder when 32 is divided by j(13).
4
Suppose 33*i - 34*i - 4*z = 4, 52 = 5*i + 2*z. Let q = -107 + 188. Calculate the remainder when q is divided by i.
9
Let j(m) = -180*m - 7526. What is the remainder when 5944 is divided by j(-42)?
28
Suppose 4*z - 4 = 3*n - 14, 2*n = -4*z - 20. Suppose -19*x + 20*x - 65 = 0. Calculate the remainder when x is divided by (-4)/(2 + z) - -9.
10
Suppose -6*z - 18*z = -1920. Let f = z - 60. Calculate the remainder when f is divided by 7.
6
Let g(p) = -20*p - 7. Let x be g(-7). Suppose 168*a - h = 169*a + 116, -4*a - 464 = -2*h. Let w = x + a. What is the remainder when 62 is divided by w?
11
Let q(j) = -147*j - 389. Calculate the remainder when 535 is divided by q(-3).
15
Suppose 9*g + 4*k = 103, -44 = -g - g - 3*k. Suppose -4*r - 28 = 2*a - 6, 3*r = 4*a - 11. Let o = 8 + r. Calculate the remainder when g is divided by o.
1
Suppose -11*y - 7 = -4*y. Let k(w) = 10*w**2 - 2*w - 1. Calculate the remainder when k(y) is divided by 3.
2
Suppose -4871*u = -4886*u + 705. Let f(s) = -22*s**3 + 3*s**2 - 2. Let c be (-1 - 8/2) + 3. What is the remainder when f(c) is divided by u?
45
What is the remainder when 57819/45 + -11 + 1670/150 is divided by 92?
89
Let j(w) = 139*w + 2896. Calculate the remainder when 422 is divided by j(-19).
167
Let u = -51 + 123. Let z(g) = -g**3 + 33*g**2 + 2*g - 53. Let f be z(33). Suppose 1282 = -f*p + 1607. What is the remainder when u is divided by p?
22
Suppose 0 = -3*p - p + 5*q + 49, -4 = 4*q. Suppose -5140*g = -5029*g - 13320. What is the remainder when g is divided by p?
10
Suppose 43*i - 112*i + 27324 = 0. What is the remainder when i is divided by 374?
22
Let w = -22 + 13. Let i(v) be the second derivative of -v**3/6 + 2*v**2 + 869*v. What is the remainder when i(w) is divided by 6?
1
Let g = 1 + 4. Suppose 79 - 94 = -3*y, -4*y + 24 = 2*s. What is the remainder when g is divided by s?
1
Suppose -4046 - 5548 = -26*d. Calculate the remainder when 373 is divided by d.
4
Suppose -5*b - 2*g = -490, 5*b - 3*g - g - 490 = 0. Let t(w) = 2*w**2 + 4*w - 5. Let d = -26 - -21. What is the remainder when b is divided by t(d)?
23
Let g(q) = 6*q**2 - 36*q - 3. Let s = -121 + 169. What is the remainder when g(10) is divided by s?
45
Let p(i) = 15*i - 2. Let m(w) = -18*w + 24. Let v be m(1). What is the remainder when p(3) is divided by -2 - (-100)/30 - (-148)/v?
17
Suppose -3*m + v = -24 + 2, 25 = 5*v. Suppose 3*j + 41 - 35 = 0. What is the remainder when m is divided by (40/(-70))/(j/14)?
1
Suppose 0 = -50*u + 53*u - 2*m - 140, 2*m - 52 = -u. Calculate the remainder when 7391 is divided by u.
47
Suppose -6*r - 4053 = -6405. What is the remainder when r is divided by 19?
12
Let w(v) = 46*v**2 - 368*v + 15. What is the remainder when 4453 is divided by w(8)?
13
Let a be 2 + (1 - -5 - 2). Suppose -396 = -3*c + 10*u - 8*u, 2*u = a. Let b = 71 + -37. What is the remainder when c is divided by b?
32
Suppose o = -14 + 15. Let j be 595/(-21)*(-3)/o. Let t = j + -80. What is the remainder when 29 is divided by t?
4
Let p = 2483 + -2468. What is the remainder when 1707 is divided by p?
12
Calculate the remainder when 36/63 + 2476/28 is divided by 23.
20
Suppose -330*c - 333*c - 49 = -670*c. Calculate the remainder when 197 is divided by c.
1
Let p(t) = 2*t**2 + 16*t - 23. Let n be p(12). Let l = n + -454. What is the remainder when 44 is divided by l?
2
Let g be 85/17 + 224/2. Suppose -i = 3*r - g, -i - 2*i - 3*r = -351. Calculate the remainder when i is divided by 17.
15
Let t(s) = -2*s**3 - 3*s - 1. Let k = 0 + -2. Suppose -5*d + 2*v + 318 = 0, 0 = -15*v + 20*v + 20. Calculate the remainder when d is divided by t(k).
20
Let u(x) = -2*x**3 + 15*x**2 - 25*x + 24. Let h = -10 - -84. Calculate the remainder when h is divided by u(5).
2
Let h = 302 - 307. Let t(w) = w**3 + 8*w**2 + 14*w + 3. What is the remainder when t(h) is divided by 0 + (0 + 3 - 1)?
0
Suppose -6*i = 15*i - 305 - 220. What is the remainder when 442 is divided by i?
17
Let x(p) = -p**3 + 9*p**2 + 11*p - 21. Let o be x(10). Calculate the remainder when (-356)/(-22) - (-2)/o is divided by 4 - 4 - 6*-1.
4
Suppose 0 = 11*w - 16*w + 30. Calculate the remainder when (-24)/(-8) + 15/6*28 is divided by 4/(-6)*(-171)/w.
16
Suppose -11*y = -3*m - 12*y + 18, -4*y = 3*m - 18. Suppose -m*p + 52 = -452. Calculate the remainder when p is divided by 23.
15
Let t(r) = -5 + 7*r + 8 - 2. What is the remainder when 296 is divided by t(7)?
46
Let i be 48/(-60)*(-130)/(-4). Let n(r) = r**2 + 24*r - 52. Let s be n(i). Suppose 5*h - 89 + 4 = s. What is the remainder when h is divided by 4?
1
Let u(n) = 0 + 2 - 16 - 13 + 25*n. Let p be u(5). Let t = 182 - p. What is the remainder when t is divided by 17?
16
Let d(b) = -b**3 - 35*b**2 - 99*b - 86. Calculate the remainder when 278 is divided by d(-32).
8
Suppose z = 2*m + 34, -m + 7 = 2. Let h = z - 15. Calculate the remainder when 287 is divided by h.
26
Let h(a) = a + 48. Suppose -2*s - 4*f - 6 = 0, 0 = -5*s + 7*f - 6*f - 59. Calculate the remainder when h(s) is divided by 10.
7
Let k(m) = -31*m**2 - 4*m. Let p be k(2). Let q = -114 - p. What is the remainder when 51 is divided by q?
15
Suppose -298*a = -280*a - 738. Let w = 47 + -30. What is the remainder when a is divided by w?
7
Let a = -596 - -6061. What is the remainder when a is divided by 1819?
8
Suppose 0 = -2*y - 8*l + 3*l + 172, 0 = -y - 4*l + 74. Let z = 66 + -33. Calculate the remainder when y is divided by z.
7
Let b be ((-18)/(-3))/((-9)/(-3)). Suppose b*u - 2 = 0, -w - 5*u - 53 = 2. Let m = w + 72. What is the remainder when 42 is divided by m?
6
Let b(a) = 19*a**2 + 9*a + 5. Let p be b(-2). Suppose -3*c + p = 5*j, -4*c - 5*j = -j - 84. What is the remainder when 98 is divided by c?
14
Let v(t) = 19*t**2 - 3*t + 3. Let c = 193 - 195. What is the remainder when v(c) is divided by 10?
5
Let l = 32 + -22. Suppose 6*g + 3*g = -2*g. Calculate the remainder when l is divided by 6 - g*6/(-12).
4
Let w(z) = -3*z - 37. Let o be w(-15). Suppose o*b + 47 = 335. Let t = 46 - b. What is the remainder when 29 is divided by t?
9
Suppose 22*r + 30 = -80. What is the remainder when -8 + 51 - (12 + r) is divided by 31?
5
Let m(y) = -5*y + 18. Let f be m(-9). Let q = f - 45. Suppose 2*t = -3*p + 21, 4 + 3 = p + 5*t. Calculate the remainder when q is divided by p.
4
Let z(y) = 4*y**2 + 39*y + 126. What is the remainder when 455 is divided by z(-4)?
13
Suppose -8*i = -4*i - 3*v - 37097, 0 = 2*v - 18. Calculate the remainder when i is divided by 36.
29
Let n(q) = q**3 + 2*q**2 + 11*q - 438. Let p be n(0). Let r = -364 - p. What is the remainder when r is divided by 24?
2
Suppose -5*l + v - 97 = 5*v, 3*l = 5*v - 36. What is the remainder when 86 is divided by (l/51)/(633/(-315) - -2)?
16
Let w(z) = -z**2 - 27*z + 16. Calculate the remainder when w(-12) is divided by 125.
71
Calculate the remainder when 858 is divided by (5533/55 - 119/(-85))*(-5)/(-3).
8
Suppose 0 = 2*d - 5*m - 16 - 256, 5*d - 587 = -3*m. Calculate the remainder when d is divided by 146/6 + 4/6.
21
Suppose -817 = 10*u - 6*u - h, 208 = -u + h. Let r = u + 719. What is the remainder when r is divided by 14?
12
What is the remainder when 6/39 + (-1330722)/(-741) is divided by 164?
156
Let z be (-2)/8 + 1810/8. Su